{"id":5,"date":"2011-12-01T17:45:42","date_gmt":"2011-12-01T15:45:42","guid":{"rendered":"http:\/\/www.fahrnerandfahrner.com\/?page_id=4"},"modified":"2011-12-28T06:56:08","modified_gmt":"2011-12-28T04:56:08","slug":"barbara-fahrner","status":"publish","type":"page","link":"https:\/\/www.fahrnerandfahrner.com\/?page_id=5","title":{"rendered":"Barbara Fahrner"},"content":{"rendered":"<p>In omnibus requiem quaesivi et nusquam inveni nisi in angulo cum\u00c2\u00a0libro in angulo libri<span>\u00c2 <\/span><\/p>\n<p>Meine B\u00fccher sind Gedankengewebe aus W\u00f6rtern, Bildern und Zeichen, Gebilde, die \u201cnach meinem<span> Verst\u00e4ndnis und Verm\u00f6gen- Abbilder der lebendigen Welt darstellen, des Musters des Geistes in der<span> Natur.<span> <\/span><\/span><\/span><\/p>\n<p>Mit dem Filigranen das Gewicht der Welt tragen!<span> Das Medium und die Basis f\u00fcr meine Arbeit sind die gefalteten Seiten des Buches, die per se das<span> Element Zeit\/Rhythmus in sich tragen.<span> Meine k\u00fcnstlerische T\u00e4tigkeit ist ein in Form gebrachtes Nachdenken \u00fcber das Leben; das ist Alles und<span> mehr ist nicht n\u00f6tig.<span> <\/span><\/span><\/span><\/span><\/span><\/p>\n<p>Kurz Lebenslauf<span> <\/span><\/p>\n<p>Barbara Fahrner<\/p>\n<p>1940 in Allenstein, Ostpr. geboren, aufgewachsen in Hannover. Studium der Medizin und<span> Kunstp\u00e4dagogik.Lebt in Frankfurt\/Main.Seit 1990 j\u00e4hrliche Arbeitsaufenthalte in New York. Seit 1982<span> Arbeit an den K\u00fcnstlerb\u00c3\u00bcchern. 1983 Gr\u00fcndung einer Papierm\u00fchle mit S. Hostetler und C.M\u00fcller. 1986-<span> 87 Arbeit am Kunstkammerprojekt. 1998 entwickelt Barbara Fahrner die Idee der Zweiten Enzyklop\u00e4die<span> von Tl\u00f6n, nach einer Erz\u00e4hlung von J.L. Borges. 1998-2003 Arbeit an der ZWEITEN<span> ENZYKLOPAEDIE VON TLOEN in Zusammenarbeit mit Markus Fahrner, Fitnat Assibey-Aboagye<span> und G\u00e4sten. Enge Zusammenarbeit mit Granary Books, Steve Clay, New York. Diverse Ausstellungen in<span> Europa und den USA. 2005 Retrospektive im Klingspor Museum,Offenbach.Arbeiten in privaten und<span> \u00f6ffentlichen Sammlungen, ua.Herzog August Bibliothek,Wolfenb\u00c3\u00bcttel, Victoria and Albert Museum,<span> London, Meermanno, Den Haag, Harvard University, Library of Congress, The Ruth and Marvin<span> Sackner Archive, the Getty Museum, USA<span> <\/span><\/span><\/span><\/span><\/span><\/span><\/span><\/span><\/span><\/span><\/span><\/p>\n","protected":false},"excerpt":{"rendered":"<a href=\"https:\/\/www.fahrnerandfahrner.com\/?page_id=5\"><img width=\"150\" height=\"150\" src=\"http:\/\/www.fahrnerandfahrner.com\/wp-content\/plugins\/thumbnail-for-excerpts\/tfe_no_thumb.png\" class=\"alignleft wp-post-image tfe\" alt=\"\" title=\"\" \/><\/a><p>In omnibus requiem quaesivi et nusquam inveni nisi in angulo cum\u00c2\u00a0libro in angulo libri\u00c2 Meine B\u00fccher sind Gedankengewebe aus W\u00f6rtern, Bildern und Zeichen, Gebilde, die \u201cnach meinem Verst\u00e4ndnis und Verm\u00f6gen- Abbilder der lebendigen Welt darstellen, des Musters des Geistes in der Natur. Mit dem Filigranen das Gewicht der Welt tragen! Das Medium und die Basis &hellip; <\/p>\n<p class=\"link-more\"><a href=\"https:\/\/www.fahrnerandfahrner.com\/?page_id=5\" class=\"more-link\">Continue reading<span class=\"screen-reader-text\"> &#8220;Barbara Fahrner&#8221;<\/span><\/a><\/p>\n","protected":false},"author":1,"featured_media":0,"parent":0,"menu_order":0,"comment_status":"open","ping_status":"open","template":"","meta":[],"_links":{"self":[{"href":"https:\/\/www.fahrnerandfahrner.com\/index.php?rest_route=\/wp\/v2\/pages\/5"}],"collection":[{"href":"https:\/\/www.fahrnerandfahrner.com\/index.php?rest_route=\/wp\/v2\/pages"}],"about":[{"href":"https:\/\/www.fahrnerandfahrner.com\/index.php?rest_route=\/wp\/v2\/types\/page"}],"author":[{"embeddable":true,"href":"https:\/\/www.fahrnerandfahrner.com\/index.php?rest_route=\/wp\/v2\/users\/1"}],"replies":[{"embeddable":true,"href":"https:\/\/www.fahrnerandfahrner.com\/index.php?rest_route=%2Fwp%2Fv2%2Fcomments&post=5"}],"version-history":[{"count":3,"href":"https:\/\/www.fahrnerandfahrner.com\/index.php?rest_route=\/wp\/v2\/pages\/5\/revisions"}],"predecessor-version":[{"id":448,"href":"https:\/\/www.fahrnerandfahrner.com\/index.php?rest_route=\/wp\/v2\/pages\/5\/revisions\/448"}],"wp:attachment":[{"href":"https:\/\/www.fahrnerandfahrner.com\/index.php?rest_route=%2Fwp%2Fv2%2Fmedia&parent=5"}],"curies":[{"name":"wp","href":"https:\/\/api.w.org\/{rel}","templated":true}]}}